e k(p).
6
Let u(a) be the second derivative of -1/20*a**5 - 17*a + 0 + 5/12*a**4 - 2*a**2 + 1/2*a**3. Give u(5).
11
Suppose 5*q = s - 7, -3*s + 4*s + 2*q - 7 = 0. Suppose -4*o + s*o + 24 = 4*m, 0 = 5*m + 4*o + 1. Let d(h) = 6*h + 0 - h**2 + m - 8. What is d(4)?
3
Let o = -342 + 345. Let w(p) be the first derivative of o + 3/2*p**2 - 1/3*p**3 + 2*p. Give w(3).
2
Let z(m) be the first derivative of m**5/40 - m**4/24 + m**3 + 4. Let p(t) be the third derivative of z(t). Suppose -8 = 2*s - 4*s. Give p(s).
11
Suppose 20 = 4*r + 3*u, -4*u - 15 = -5*r + 2*r. Suppose r - 9 = l. Let g(i) = -i**3 - 3*i**2 + 5*i. Determine g(l).
-4
Let r(u) = -5 + 1 - 10*u**3 + 4*u + 10*u**3 + 1 + u**3 - 5*u**2. Calculate r(4).
-3
Let z(d) = 15*d + 1. Let x(l) = 728*l + 136. Let w(p) = -x(p) + 48*z(p). Calculate w(-11).
0
Suppose a - 3*g = 1, 0 = -a + 6*a - g + 23. Let z = a + 0. Let x(n) = 2 + 2*n + 6 + n - 4. Calculate x(z).
-11
Let g(y) = -y**2 + 2*y - 1. Let c be (-20)/12*9/5. Determine g(c).
-16
Let v(y) = -3*y - 14. Let p(d) = 10*d + 45. Let u(i) = -2*p(i) - 7*v(i). Calculate u(7).
15
Let n(x) = -5*x + 4. Let l(i) = 4*i - 3. Let f(b) = 6*l(b) + 5*n(b). Calculate f(-11).
13
Suppose 110 = -6*q + 8*q. Let j = q - 53. Let n(c) = 4*c - 2. Give n(j).
6
Let u(v) = -10 + 3 + 1 - 5*v**2 + 18*v**2 + 5. Calculate u(1).
12
Let t = 21 - 17. Let o(v) = -10 + v**2 + t + 0. Determine o(0).
-6
Let q(i) = i. Let m(p) = p**3 - p**2 - p. Let g(z) = 11*z**3 - 4*z**2 - 4*z + 1. Let a(y) = -g(y) + 6*m(y). Let l be a(-1). Determine q(l).
4
Let l(m) be the third derivative of -m**6/120 - m**5/15 + 5*m**4/24 + 7*m**3/6 + 6*m**2 + 11*m. Let j = -6 - -1. Give l(j).
7
Suppose 0 = c + 2, -3*z + 27 = -6*c + 3*c. Suppose -3*j + y = -8, 2*y - 24 = -3*j - 4. Let a(n) = 5*n + j - z - 3*n. Give a(2).
1
Let j(w) = 12*w**3 + 2*w**2 + 7*w. Let y(c) = -c**2 + 0*c - 2*c + 4*c - 6*c**3 - 5*c. Let g(m) = 2*j(m) + 5*y(m). Give g(-1).
6
Let b(l) = -l**2 + 11*l + 2. Let z = 60 - 48. Calculate b(z).
-10
Let t(y) = -20*y**3 + 2*y + 1. Suppose 9*c = -5 + 14. Let s be (-4)/(-9 + 1)*(c + -3). Calculate t(s).
19
Let f(v) = 5*v - 1. Let h(w) = -2*w - 10. Let p be h(-6). Suppose 10 = 5*k + p*a, 2 = -3*k - 2*a + 8. Give f(k).
9
Let z(h) = h**2 - 4*h - 7. Let k(f) = -f**3 + 6*f**2 - f - 5. Let v be k(5). Let p = 20 - v. Calculate z(p).
-2
Suppose i - 5 + 6 = -4*u, 7 = 2*i - u. Suppose 2*l = 3 + i. Suppose 0 = 2*d + l*d + 10. Let s(x) = 2*x**2 + 3*x + 3. What is s(d)?
5
Let y(j) = 20 + 5*j - 24 + j + j**2 - 5*j + 7*j. Suppose 38 = -5*b + k, 4*b - 3*k + 4*k = -34. Determine y(b).
-4
Let q(a) be the first derivative of -7*a + 0*a**3 - 1/4*a**4 + 1/2*a**2 - 4. Give q(0).
-7
Suppose 0 = -3*d - 5*f + 20, 8*f - 10*f = -8. Let j(w) be the third derivative of -w**5/60 - 2*w**3/3 + 3*w**2. Determine j(d).
-4
Suppose 31*a - 15*a = -96. Let o(h) be the third derivative of -h**6/120 - h**5/10 - h**4/12 - h**3/3 - 6*h**2. What is o(a)?
10
Suppose 14*a - 10*a = -5*r + 27, a - r = 0. Let h(u) be the third derivative of 0*u - 5/24*u**4 + 4*u**2 + 1/6*u**a + 0 - 1/60*u**5. What is h(-6)?
-5
Let q(r) = 20*r**2 + 24*r**2 + 7 - 68*r**2 - 9*r + 23*r**2. Let n(y) = y**2 - 7*y. Let x be n(5). Calculate q(x).
-3
Suppose -2*o - 29 = 41. Let h = o + 41. Let u(j) = j + 3. Give u(h).
9
Let l(t) = -t**2 + t + 1. Let b(d) = -d**2 - 5*d + 17. Let f(p) = -b(p) - 2*l(p). Let g(w) be the first derivative of f(w). Determine g(-2).
-9
Let r be (-8)/3*(1 + 2). Let d = -10 - r. Let a(o) = -3*o + 1. What is a(d)?
7
Let j be ((-1)/2)/(2/4). Suppose 3*v = b + 2 - 9, -5*v = 10. Let g(d) = -2*d**2 - 4*d**2 - d**2 - 2*d + b - 2. Determine g(j).
-6
Let f(z) = -3*z**3 - z**2 + 3*z - 5. Let n(d) = -4*d**3 + 2*d - 5. Let g(h) = 5*f(h) - 4*n(h). Let b be 1/2*((1 - 4) + (-30 - -41)). Give g(b).
7
Let p(b) = -2*b**3 - 12*b**2 - 2*b - 11. Let r be p(-6). Let m(z) = -2*z - z**3 - z + 2*z + 5*z**2 - 2*z + r. What is m(4)?
5
Let b(x) = 6*x**3 - 7*x**2 + 11*x - 5. Let v(w) = 17*w**3 - 20*w**2 + 31*w - 14. Let u(c) = -11*b(c) + 4*v(c). Determine u(2).
9
Let f = -22 + 28. Let c(s) = -s**3 + 6*s**2 + 2*s + 4. Let w be c(f). Let u = -10 + w. Let z(m) = -m**2 + 4*m + 4. What is z(u)?
-8
Let p(f) = 4*f**3 - 24*f**2 - 41*f + 24. Let a(k) = -k**3 + 6*k**2 + 10*k - 6. Let o(g) = -9*a(g) - 2*p(g). Suppose -23 = 3*h - 44. Calculate o(h).
-1
Suppose -3*p + 8*p = -30. Let u(y) be the first derivative of -1/3*y**3 - 7/2*y**2 - 4 - 4*y. Calculate u(p).
2
Suppose -2*s + 8 = 10. Let j be (-5)/(4 - s) + 4. Let o(b) = -2 + 3*b**3 + 7 + 3*b**3 + 2*b - 5*b**j + 5*b**2. Calculate o(-4).
13
Let q(r) = -24*r**2 - 15 - 67 + r**3 - 14 + 69 + r. Calculate q(24).
-3
Suppose 0 = -0*h - 2*h + 14. Suppose 2 + h = -3*i. Let u(l) = 28*l - 27*l + 5 + 0. Determine u(i).
2
Suppose 5*p - 3 = -4*o + 3, 4*p = -4*o + 4. Let g(y) = 7*y**3 - y**2 + 2*y + 3. Let k(h) = -7*h**3 + h**2 - 3*h - 4. Let m(q) = 5*g(q) + 4*k(q). Determine m(o).
-7
Let v(y) = -y - 2*y - 13*y**3 + 15*y**3 + 0*y + 2. Suppose -3*b + b + 4 = 0. Determine v(b).
12
Let d(z) = z**2 + 2*z - 13. Let q = 1751 + -1755. Give d(q).
-5
Let p(g) = -3*g**2 + 8*g - 2. Suppose 10*s = 6*s + 8. Let j be (-2 + (-20)/(-2))/s. Let m(a) = a**2 + 1. Let r(n) = j*m(n) + p(n). Calculate r(-7).
-5
Let a(i) = -i. Let t(p) = 4*p - 4. Let w(z) = 2*a(z) + t(z). What is w(-6)?
-16
Let a(v) = -v**2 - 4*v - 2. Let u = -154 - -153. Determine a(u).
1
Let n(h) be the first derivative of -3*h**4 - h**3/3 + h**2/2 + 102. Determine n(1).
-12
Let u(w) be the second derivative of 0 + 1/12*w**4 - 7*w + 4/3*w**3 + 2*w**2. Calculate u(-5).
-11
Let d(a) = -a**2 + 18*a + 16. Suppose 3 = -u, -5*o + 602*u - 607*u + 80 = 0. Determine d(o).
-3
Let r be (27/(-9))/(-3) + 0. Let t(x) = 4*x**2 - x + 2. Give t(r).
5
Suppose j - 9 = -4. Suppose -3*i + 2*m + 9 = 0, 2*i = -j*m + 3 + 3. Let x(l) = -l**3 + 4*l**2 - l - 1. What is x(i)?
5
Let u(b) = b**3 + 4*b**2 - b + 5. Let y = -2 + -23. Let x = y + 21. What is u(x)?
9
Let z(l) = -l + 13. Let y(f) = -5*f + 7*f - 7 - f. Let a(v) = 5*y(v) + 3*z(v). Determine a(-6).
-8
Let l be ((-9)/27)/((-2)/(-18)). Let a(k) be the first derivative of -k**3/3 - 3*k**2/2 + 2*k + 91. What is a(l)?
2
Suppose -2*c + 4 = -3*c. Let l(z) be the first derivative of -3*z**2/2 - 4*z - 27. Calculate l(c).
8
Let y(k) = -k**2 - 5*k + 2. Let j(m) = -m**3 + 5*m**2 - 4*m + 2. Let a be j(4). Suppose 0 = 2*t - a*l + 16, 2*l = 3*t - 10 + 32. What is y(t)?
-4
Let l(m) = -m**3 + 14*m - 6. Let t(c) = -6*c**3 - 9*c + 11. Let s be t(1). Calculate l(s).
2
Let q(t) be the second derivative of t**3/2 - 5*t**2/2 + 13*t. Let p = 31 + -27. Suppose 0 = -2*y - 5*g + 5, -y = g - p*g - 8. What is q(y)?
10
Let c(a) = -1. Let b(s) = -7*s - 1. Let u(w) = -b(w) + 4*c(w). Let l(j) = 3*j**2 + 126*j + 3. Let i be l(-42). Calculate u(i).
18
Let o(w) = 3*w + 9. Let a = -147 - -139. Give o(a).
-15
Let t(l) = 3*l + 1. Let p be 10*2/4*6/10. Suppose -p*j = -6 + 9. What is t(j)?
-2
Let m(j) = j**2 + 6*j - 3. Suppose -3*c + l - 2*l = 10, 0 = c - 5*l - 2. Let f be (c/9)/(3/(-27)). Let s = f + -9. Determine m(s).
-3
Let h(q) = -10 + 3*q - 3*q**2 - 7 - 9 + 28. Calculate h(-2).
-16
Let f(y) = -14*y**2 - y - 2. Let t be f(-2). Let h = t + 60. Let a(j) = j - 5. Give a(h).
-1
Let k(s) = -s**2 - 8*s - 6. Let w(f) = f**2 - 5*f - 32. Let m be w(-3). Give k(m).
-6
Let j(u) = -u**3 - 4*u**2 + 2*u - 4. Let n(d) = 0*d**2 + 2*d**2 - 2*d - d**2 - 4 + 5. Let t be n(3). Suppose 0 = 3*f + t + 11. Give j(f).
11
Let t = 13 - 10. Let d(k) = -145 - k + 0*k - k**t + 143 - 6*k**2. Give d(-6).
4
Let x(q) = 2*q - 15. Let b be x(9). Let m(a) = a**2 + 5*a**2 - 11*a**2 - 4*a - 2 + a**b + 1. Determine m(6).
11
Let h = 1375 + -1367. Let q(x) = -x + 12. Calculate q(h).
4
Let m(r) = -4*r. Let o(f) = 2*f**3 - 7*f**2 - 4*f + 3. Let n be o(4). Suppose 277*k - 274*k = n. Calculate m(k).
-4
Let b(a) be the first derivative of -9*a - 1/6*a**3 - 2*a**2 + 10. Let o(q) be the first derivative of b(q). Give o(6).
-10
Let j(l) = -2*l**2 + 27 - 37 - l**3 + 16 - 3*l**2. Suppose -10 = 2*p - 0. Determine j(p).
6
Let a(k) = -k**2 + 5. Let q(y) = y**2 - y - 6. Let o be (-10 - -11) + (-3 - 1). Let c(v) = o*a(v) - 2*q(v). Calculate c(-4).
5
Let n(b) be the third derivative of b**6/120 + b**5/10 - b**4/24 - 7*b**3/6 + b**2 - 32. Give n(-5).
23
Let n be 33/(-6) + 7 -